11
Let j(y) = -77*y - 1507. What is j(-25)?
418
Let s(r) = 2*r**3 - 63*r**2 - 80*r - 174. Give s(33).
453
Let o(u) = 26*u + 27. Determine o(2).
79
Let h(l) = -302*l - 2410. Calculate h(-8).
6
Let j(b) = 21*b + 143. Determine j(-2).
101
Let u(i) = i**3 + 34*i**2 + 34*i + 63. What is u(-33)?
30
Let t(y) = y**3 + 14*y**2 + 9*y - 51. Give t(-14).
-177
Let v(z) = -325*z**2 + 35*z - 33. Determine v(1).
-323
Let l(o) = 15*o - 937. Give l(63).
8
Let x(j) = 58*j + 288. Give x(-4).
56
Let x(h) = -52*h**2 + 1658*h + 141. Give x(32).
-51
Let m(u) = -u**2 + 168*u + 11963. Give m(-54).
-25
Let h(y) = 2*y**3 + 94*y**2 - 6*y - 238. Calculate h(-47).
44
Let p(i) = -2*i**3 + 5*i**2 - 12*i + 41. Calculate p(3).
-4
Let d(q) = 16*q + 887. Give d(-47).
135
Let b(p) = -p**2 - 19*p + 91. Determine b(-20).
71
Let h(d) = -6*d**2 - 224*d - 42. Determine h(-37).
32
Let c(g) = 6*g**3 - 55*g**2 - 39*g + 430. What is c(9)?
-2
Let h(z) = -z**3 + 23*z**2 - 126*z + 28. Calculate h(9).
28
Let m(q) = -15*q + 11. Give m(19).
-274
Let m(n) = n**2 + 12*n - 73. Give m(-13).
-60
Let y(x) = x**3 - 3*x**2 - 5*x - 10. Calculate y(4).
-14
Let t(c) = 2271*c - 2256. Determine t(1).
15
Let g(k) = -4*k**2 - 183*k + 2041. What is g(-55)?
6
Let m(p) = p**3 + 12*p**2 + 191*p + 1102. Give m(-7).
10
Let i(q) = -33*q + 986. What is i(29)?
29
Let m(o) = 4*o**2 + 150*o + 77. What is m(-37)?
3
Let r(w) = -w**3 - 69*w**2 + 7*w + 468. What is r(-69)?
-15
Let u(r) = 3*r**2 + 121*r - 21. Determine u(-41).
61
Let x(h) = 52*h + 820. Calculate x(-16).
-12
Let x(y) = 156*y - 104. Give x(0).
-104
Let a(s) = s**3 - 30*s**2 - 158*s - 595. What is a(35)?
0
Let s(j) = -2*j**2 + 19*j + 694. Give s(24).
-2
Let z(i) = -i**3 - 22*i**2 + 48*i + 34. What is z(6)?
-686
Let y(b) = 3*b**2 + 224*b + 226. Determine y(-1).
5
Let p(k) = k**3 + 4*k**2 - 8*k + 7. What is p(3)?
46
Let a(w) = 77*w**3 - 2*w**2 + 6*w - 4. Give a(2).
616
Let t(n) = n**3 + 78*n**2 + 364*n - 44. Determine t(-73).
29
Let g(u) = -40*u + 438. Determine g(10).
38
Let c(s) = 2*s**3 - 24*s**2 + 6*s + 6. Determine c(11).
-170
Let t(r) = -8*r - 100. Calculate t(-16).
28
Let j(k) = 2*k**2 - 31*k - 130. Determine j(19).
3
Let j(k) = 548*k**3 + 2739*k**2 - 4*k + 7. Give j(-5).
2
Let p(i) = 31*i - 36. Determine p(-2).
-98
Let r(b) = b**3 + 2*b**2 - 34*b + 3. What is r(-7)?
-4
Let u(f) = 275*f - 5468. Calculate u(20).
32
Let w(d) = -6*d**3 - 22*d**2 + 28*d + 86. Determine w(-4).
6
Let k(y) = 2*y**3 - 2*y**2 - 48*y - 93. Calculate k(-2).
-21
Let p(w) = -23251*w + 255771. Calculate p(11).
10
Let p(j) = -20*j + 203. Give p(9).
23
Let w(z) = -164*z**3 - 3*z**2 + 1. Calculate w(1).
-166
Let n(h) = -21*h - 145. Give n(19).
-544
Let h(x) = -32325*x + 64642. Give h(2).
-8
Let u(y) = 5*y - 213. What is u(20)?
-113
Let v(l) = -l**3 - 5*l**2 + 11*l + 6. Calculate v(-9).
231
Let c(u) = 92*u + 174. Give c(-2).
-10
Let t(b) = 442*b - 5295. Calculate t(12).
9
Let f(c) = -39*c**2 + 5074*c - 527. What is f(130)?
-7
Let r(o) = 362*o - 1836. Give r(6).
336
Let s(y) = -11*y**2 - 98*y - 10. Determine s(-10).
-130
Let v(x) = x**2 + 9*x - 729. Determine v(-32).
7
Let t(r) = -103*r - 1682. Give t(-18).
172
Let u(h) = -22*h**2 - 201*h - 31. What is u(-9)?
-4
Let a(w) = 6*w**2 - 19*w - 110. Calculate a(-5).
135
Let d(l) = -12*l - 83. What is d(-22)?
181
Let m(v) = 314*v - 957. Determine m(3).
-15
Let j(u) = 4*u**2 - 49*u + 11. What is j(10)?
-79
Let s(f) = -f**3 - 60*f**2 - 276*f - 72. What is s(-55)?
-17
Let y(h) = -77*h + 17. What is y(1)?
-60
Let v(o) = 122*o**2 + 603*o - 31. Calculate v(-5).
4
Let b(m) = -4179*m - 121187. What is b(-29)?
4
Let r(s) = 2*s**3 - 2*s**2 - 2*s - 28. Determine r(-6).
-520
Let s(c) = -c**3 - 52*c**2 - 669*c - 270. Calculate s(-30).
0
Let f(w) = -3*w**2 + 263*w - 3380. Calculate f(72).
4
Let z(c) = -194*c - 351. Determine z(-2).
37
Let f(d) = -d**3 + 54*d**2 + 111*d - 118. Calculate f(56).
-174
Let x(w) = 4*w**2 - 10*w - 28. Calculate x(-8).
308
Let r(a) = -57*a**2 + 2734*a + 100. What is r(48)?
4
Let c(i) = i**3 - 20*i**2 - 100*i - 83. Give c(-3).
10
Let y(q) = -q**3 + 18*q**2 + 120*q - 154. Calculate y(23).
-39
Let t(f) = -f**2 - 57*f + 94. Determine t(-59).
-24
Let i(w) = w**3 + 30*w**2 + 27*w - 63. Give i(-29).
-5
Let n(d) = d**3 - 2*d**2 - 130*d + 523. What is n(4)?
35
Let q(z) = -78*z + 760. Determine q(13).
-254
Let l(a) = -51*a - 323. Calculate l(-6).
-17
Let c(n) = n**2 + 2356*n + 14095. What is c(-6)?
-5
Let h(x) = -3*x**2 - 8*x + 1. Give h(0).
1
Let q(l) = -3*l + 391. What is q(6)?
373
Let z(n) = -6*n**2 + 21*n - 9. What is z(5)?
-54
Let b(y) = 64*y - 284. Determine b(17).
804
Let s(q) = 1572*q - 3106. Calculate s(2).
38
Let q(t) = -t**3 - 25*t**2 + 493*t - 32. Give q(-38).
6
Let w(o) = -o**3 - 38*o**2 + 74*o - 218. Give w(-40).
22
Let j(v) = -v**3 - 32*v**2 + 60*v - 242. What is j(-34)?
30
Let b(p) = 15*p**3 + 6*p**2 + p + 1. Determine b(-1).
-9
Let d(z) = -51*z**2 - 115*z - 115. Give d(-1).
-51
Let r(f) = f**2 + 51*f - 40. What is r(-25)?
-690
Let u(l) = -l**2 - 14*l - 54. Give u(-22).
-230
Let r(c) = c**2 + c + 130. Calculate r(0).
130
Let w(h) = -h**3 + 10*h**2 - 8*h + 20. Give w(4).
84
Let w(h) = -46*h + 363. Calculate w(9).
-51
Let u(p) = 41*p + 1172. Give u(-29).
-17
Let a(l) = 179*l**3 - 7*l**2 + 7*l. Calculate a(1).
179
Let d(g) = 188*g - 19169. What is d(102)?
7
Let u(h) = 2*h**3 - 22*h**2 + 80*h - 122. Determine u(6).
-2
Let d(l) = -71*l**2 + 486*l + 37. Give d(7).
-40
Let m(d) = -3*d**3 - d**2 + 7*d + 250. Give m(0).
250
Let o(k) = -25*k - 904. Determine o(-38).
46
Let u(v) = -10*v**2 - 27*v - 64. Determine u(-3).
-73
Let k(x) = 133*x + 3742. What is k(-28)?
18
Let s(n) = n**3 + 9*n**2 + 8*n + 37. Calculate s(0).
37
Let h(r) = 16*r**2 + 351*r - 2. Give h(-22).
20
Let z(n) = -n**3 - 32*n**2 - 217*n + 26. Give z(-10).
-4
Let z(w) = 2*w**3 + 12*w**2 - 24*w - 34. Determine z(-8).
-98
Let h(m) = -5*m**3 + 13*m**2 - 3*m + 45. What is h(6)?
-585
Let z(r) = -76*r + 776. Determine z(9).
92
Let b(c) = 2*c**3 + 23*c**2 - 10*c - 25. Calculate b(-12).
-49
Let l(u) = -31*u**3 + 4*u - 6. Determine l(2).
-246
Let z(w) = 72*w + 6137. Determine z(-85).
17
Let c(a) = -a**3 + 24*a**2 + 98*a - 67. Give c(-4).
-11
Let z(x) = 76*x + 487. Calculate z(0).
487
Let o(i) = i**3 - 7*i**2 + 141*i - 522. What is o(4)?
-6
Let r(p) = p**2 + 21*p + 9. What is r(11)?
361
Let l(d) = 40*d**2 - 13*d + 23. What is l(0)?
23
Let j(o) = 40*o + 5522. Calculate j(-138).
2
Let x(w) = 40*w**2 - 1519*w - 24. What is x(38)?
14
Let q(u) = u**2 + 252*u - 761. What is q(3)?
4
Let h(n) = -6*n**2 - 12*n - 38. What is h(-4)?
-86
Let i(z) = -2*z**3 - 6*z**2 + 31*z + 61. What is i(-5)?
6
Let x(u) = 671*u + 1960. Calculate x(-3).
-53
Let i(u) = -u**2 - 47*u - 308. Determine i(-41).
-62
Let z(o) = 7*o - 224. What is z(42)?
70
Let t(s) = -974*s + 66243. Give t(68).
11
Let g(o) = -5*o**3 - 11*o**2 - 3. Give g(-2).
-7
Let z(k) = -2*k - 13. What is z(10)?
-33
Let y(s) = -s**2 + 106*s - 2240. What is y(29)?
-7
Let s(i) = 150*i - 304. Give s(2).
-4
Let a(h) = 30*h + 309. Determine a(-9).
39
Let q(w) = -347*w - 4838. Give q(-14).
20
Let m(z) = -3*z**3 + 4*z**2 + 168*z + 330. Give m(-2).
34
Let b(w) = -3*w**2 - 36*w - 107. Calculate b(-6).
1
Let g(k) = -6571*k + 32864. Calculate g(5).
9
Let u(k) = k**3 + 34*k**2 - 12*k - 399. Give u(-34).
9
Let s(r) = 2*r**2 + 139*r + 393. Determine s(-65).
-192
Let x(f) = 12*f + 400. Determine x(-35).
-20
Let l(s) = -3*s**3 - 26*s**2 + 16*s + 65. Give l(-9).
2
Let p(a) = -a**2 - 22*a + 170. Give p(-27).
35
Let p(v) = -v**3 + 17*v**2 - 40*v + 21. Calculate p(2).
1
Let v(p) = -33*p**2 + 223*p + 56. Determine v(7).
0
Let b(w) = -50*w**2 + 143*w + 24. Determine b(3).
3
Let o(y) = -y**3 + 13*y**2 - 6*y + 9. Determine o(3).
81
Let n(a) = a**2 - 367*a + 20341. What is n(299)?
9
Let z(r) = -r**3 - 9*r**2 - 72*r - 659. Determine z(-9).
-11
Let h(q) = q**2 + 21*q - 452. What is h(12)?
-56
Let h(k) = 309*k + 574. What is h(-3)?
-353
Let h(t) = 52*t**2 - 7*t + 4. What is h(1)?
49
Let a(h) = 14*h**3 - 84*h**2 + 2*h + 34. Calculate a(6).
46
Let c(p) = -3*p**2 - 79*p + 1109. Calculate c(11).
-123
Let o(y) = -8*y + 489. What is o(35)?
209
Let w(l) = 4*l**2 + 244*l - 28. Calculate w(-61).
-28
Let b(w) = 578*w - 2979. What is b(5)?
-89
Let f(j) = -j**2 + 317*j - 2767. Give f(9).
5